{"id":379,"date":"2026-01-09T11:19:21","date_gmt":"2026-01-09T14:19:21","guid":{"rendered":"https:\/\/iedeltriunfoelcolegio.edu.co\/?page_id=379"},"modified":"2026-01-26T09:20:19","modified_gmt":"2026-01-26T12:20:19","slug":"actividades-de-recuperacion","status":"publish","type":"page","link":"https:\/\/iedeltriunfoelcolegio.edu.co\/index.php\/actividades-de-recuperacion\/","title":{"rendered":"Actividades de recuperaci\u00f3n"},"content":{"rendered":"\n<ul class=\"wp-block-list\">\n<li style=\"font-size:20px\">Recibir asesor\u00edas, seguimientos individuales y planes de mejoramiento.<\/li>\n\n\n\n<li style=\"font-size:20px\">En cada asignatura se establecen procesos y estrategias para el mejoramiento continuo de aquellos estudiantes que vayan obteniendo un desempe\u00f1o bajo en el transcurso de un periodo acad\u00e9mico.<\/li>\n\n\n\n<li style=\"font-size:20px\">El docente debe informar al padre de familia y\/o acudiente sobre el bajo desempe\u00f1o del estudiante y a la vez entregar las actividades propuestas para su nivelaci\u00f3n en cada asignatura seg\u00fan corresponda.<\/li>\n\n\n\n<li style=\"font-size:20px\">De persistir con el bajo desempe\u00f1o acad\u00e9mico el docente presenta un informe por escrito a coordinaci\u00f3n acad\u00e9mica para realizar la citaci\u00f3n al padre y la firma de un compromiso acad\u00e9mico.<\/li>\n\n\n\n<li style=\"font-size:20px\">Remisi\u00f3n y seguimiento en casos especiales que impliquen la necesidad de atenci\u00f3n desde el servicio de psicolog\u00eda, se informar\u00e1 al padre y\/o acudiente para que solicite a su EPS le preste la atenci\u00f3n requerida.<\/li>\n\n\n\n<li style=\"font-size:20px\">En la d\u00e9cimo segunda (12) semana de cada periodo ser\u00e1n entregados a los padres de familia y\/o acudientes los planes de mejoramiento de los estudiantes.<\/li>\n<\/ul>\n","protected":false},"excerpt":{"rendered":"","protected":false},"author":1,"featured_media":0,"parent":0,"menu_order":0,"comment_status":"closed","ping_status":"closed","template":"","meta":{"saved_in_kubio":false,"footnotes":""},"class_list":["post-379","page","type-page","status-publish","hentry"],"kubio_ai_page_context":{"short_desc":"","purpose":"general"},"_links":{"self":[{"href":"https:\/\/iedeltriunfoelcolegio.edu.co\/index.php\/wp-json\/wp\/v2\/pages\/379","targetHints":{"allow":["GET"]}}],"collection":[{"href":"https:\/\/iedeltriunfoelcolegio.edu.co\/index.php\/wp-json\/wp\/v2\/pages"}],"about":[{"href":"https:\/\/iedeltriunfoelcolegio.edu.co\/index.php\/wp-json\/wp\/v2\/types\/page"}],"author":[{"embeddable":true,"href":"https:\/\/iedeltriunfoelcolegio.edu.co\/index.php\/wp-json\/wp\/v2\/users\/1"}],"replies":[{"embeddable":true,"href":"https:\/\/iedeltriunfoelcolegio.edu.co\/index.php\/wp-json\/wp\/v2\/comments?post=379"}],"version-history":[{"count":1,"href":"https:\/\/iedeltriunfoelcolegio.edu.co\/index.php\/wp-json\/wp\/v2\/pages\/379\/revisions"}],"predecessor-version":[{"id":380,"href":"https:\/\/iedeltriunfoelcolegio.edu.co\/index.php\/wp-json\/wp\/v2\/pages\/379\/revisions\/380"}],"wp:attachment":[{"href":"https:\/\/iedeltriunfoelcolegio.edu.co\/index.php\/wp-json\/wp\/v2\/media?parent=379"}],"curies":[{"name":"wp","href":"https:\/\/api.w.org\/{rel}","templated":true}]}}