{"id":357,"date":"2026-01-08T19:05:36","date_gmt":"2026-01-08T22:05:36","guid":{"rendered":"https:\/\/iedeltriunfoelcolegio.edu.co\/?page_id=357"},"modified":"2026-01-08T19:05:36","modified_gmt":"2026-01-08T22:05:36","slug":"otras-instituciones","status":"publish","type":"page","link":"https:\/\/iedeltriunfoelcolegio.edu.co\/index.php\/otras-instituciones\/","title":{"rendered":"Otras Instituciones"},"content":{"rendered":"\n<p style=\"font-size:20px\">La IED cuenta con el apoyo de otras instituciones locales, departamentales y nacionales, atendiendo las necesidades que puedan surgir por diferentes acciones realizadas en aras de fortalecimiento formativo de los estudiantes:<\/p>\n\n\n\n<ul style=\"font-size:20px\" class=\"wp-block-list\">\n<li>Plan de intervenciones colectivas; presta su apoyo en las programas relacionados con la construcci\u00f3n de proyecto de vida de los estudiantes, prevenci\u00f3n de consumo de sustancias psicoactivas, prevenci\u00f3n del embarazo adolescente, prevenci\u00f3n de la violencia sexual entre otros tem\u00e1ticas.<\/li>\n\n\n\n<li>Hospital Nuestra Se\u00f1ora del Carmen presta sus servicios con profesionales que se desplazan hasta la Inspecci\u00f3n El Triunfo, con el fin de evaluar el estado de salud de los estudiantes y sus familias.<\/li>\n\n\n\n<li>Servicio Nacional de Aprendizaje &lt;&lt;SENA>> La IED cuenta con la articulaci\u00f3n entre la educaci\u00f3n media y la educaci\u00f3n superior, en los grados d\u00e9cimos y und\u00e9cimos, para que los estudiantes puedan dar continuaci\u00f3n en su formaci\u00f3n en carreras t\u00e9cnicas, tecnol\u00f3gicas.<\/li>\n\n\n\n<li>Secretaria de cultura y deportes municipal; apoya la formaci\u00f3n y participaci\u00f3n de los estudiantes en actividades, programas y competencias deportivos y culturales.<\/li>\n\n\n\n<li>Secretaria de agricultura, apoya procesos formativos en el \u00e1rea de ciencias naturales y eco ambientales<\/li>\n\n\n\n<li>\u00a0Defensa Civil, apoya la formaci\u00f3n en prevenci\u00f3n de riesgos, primeros auxilios entre otros<\/li>\n\n\n\n<li>Corporaci\u00f3n aut\u00f3noma de Cundinamarca &lt;&lt;CAR>> Apoya con proyectos formativos de \u00edndole eco ambiental<\/li>\n<\/ul>\n","protected":false},"excerpt":{"rendered":"<p>La IED cuenta con el apoyo de otras instituciones locales, departamentales y nacionales, atendiendo las necesidades que puedan surgir por diferentes acciones realizadas en aras de fortalecimiento formativo de los estudiantes:<\/p>\n","protected":false},"author":1,"featured_media":0,"parent":0,"menu_order":0,"comment_status":"closed","ping_status":"closed","template":"","meta":{"saved_in_kubio":false,"footnotes":""},"class_list":["post-357","page","type-page","status-publish","hentry"],"kubio_ai_page_context":{"short_desc":"","purpose":"general"},"_links":{"self":[{"href":"https:\/\/iedeltriunfoelcolegio.edu.co\/index.php\/wp-json\/wp\/v2\/pages\/357","targetHints":{"allow":["GET"]}}],"collection":[{"href":"https:\/\/iedeltriunfoelcolegio.edu.co\/index.php\/wp-json\/wp\/v2\/pages"}],"about":[{"href":"https:\/\/iedeltriunfoelcolegio.edu.co\/index.php\/wp-json\/wp\/v2\/types\/page"}],"author":[{"embeddable":true,"href":"https:\/\/iedeltriunfoelcolegio.edu.co\/index.php\/wp-json\/wp\/v2\/users\/1"}],"replies":[{"embeddable":true,"href":"https:\/\/iedeltriunfoelcolegio.edu.co\/index.php\/wp-json\/wp\/v2\/comments?post=357"}],"version-history":[{"count":1,"href":"https:\/\/iedeltriunfoelcolegio.edu.co\/index.php\/wp-json\/wp\/v2\/pages\/357\/revisions"}],"predecessor-version":[{"id":358,"href":"https:\/\/iedeltriunfoelcolegio.edu.co\/index.php\/wp-json\/wp\/v2\/pages\/357\/revisions\/358"}],"wp:attachment":[{"href":"https:\/\/iedeltriunfoelcolegio.edu.co\/index.php\/wp-json\/wp\/v2\/media?parent=357"}],"curies":[{"name":"wp","href":"https:\/\/api.w.org\/{rel}","templated":true}]}}