{"id":337,"date":"2026-01-08T18:34:22","date_gmt":"2026-01-08T21:34:22","guid":{"rendered":"https:\/\/iedeltriunfoelcolegio.edu.co\/?page_id=337"},"modified":"2026-01-08T18:34:22","modified_gmt":"2026-01-08T21:34:22","slug":"contralor-de-los-estudiantes","status":"publish","type":"page","link":"https:\/\/iedeltriunfoelcolegio.edu.co\/index.php\/contralor-de-los-estudiantes\/","title":{"rendered":"Contralor de los estudiantes"},"content":{"rendered":"\n<p style=\"font-size:20px\">Ser\u00e1 un estudiante que se encuentre debidamente matriculado en la instituci\u00f3n educativa, que curse el grado d\u00e9cimo o und\u00e9cimo del nivel de Educaci\u00f3n media, su funci\u00f3n principal ser\u00e1 la de promover y actuar como veedor(a) del buen uso de los recursos y de los bienes p\u00fablicos de la instituci\u00f3n educativa a la cual pertenece, se elegir\u00e1 en por votaci\u00f3n el mismo d\u00eda de las elecciones a personero y representante de los estudiantes. Seg\u00fan la ordenanza No. 182 de 2013.<strong><\/strong><\/p>\n\n\n\n<p style=\"font-size:25px\"><strong><em>Contralor(a) 2025: Karen Sofia Bautista Jim\u00e9nez<\/em><\/strong><\/p>\n\n\n\n<figure class=\"wp-block-image aligncenter size-full is-resized\"><img loading=\"lazy\" decoding=\"async\" width=\"591\" height=\"747\" src=\"https:\/\/iedeltriunfoelcolegio.edu.co\/wp-content\/uploads\/2026\/01\/image-5.png\" alt=\"\" class=\"wp-image-338\" style=\"aspect-ratio:0.7912010558732953;width:317px;height:auto\" srcset=\"https:\/\/iedeltriunfoelcolegio.edu.co\/wp-content\/uploads\/2026\/01\/image-5.png 591w, https:\/\/iedeltriunfoelcolegio.edu.co\/wp-content\/uploads\/2026\/01\/image-5-237x300.png 237w\" sizes=\"(max-width: 591px) 100vw, 591px\" \/><\/figure>\n","protected":false},"excerpt":{"rendered":"<p>Ser\u00e1 un estudiante que se encuentre debidamente matriculado en la instituci\u00f3n educativa, que curse el grado d\u00e9cimo o und\u00e9cimo del nivel de Educaci\u00f3n media, su funci\u00f3n principal ser\u00e1 la de promover y actuar como veedor(a) del buen uso de los recursos y de los bienes p\u00fablicos de la instituci\u00f3n educativa a la cual pertenece, se [&hellip;]<\/p>\n","protected":false},"author":1,"featured_media":0,"parent":0,"menu_order":0,"comment_status":"closed","ping_status":"closed","template":"","meta":{"saved_in_kubio":false,"footnotes":""},"class_list":["post-337","page","type-page","status-publish","hentry"],"kubio_ai_page_context":{"short_desc":"","purpose":"general"},"_links":{"self":[{"href":"https:\/\/iedeltriunfoelcolegio.edu.co\/index.php\/wp-json\/wp\/v2\/pages\/337","targetHints":{"allow":["GET"]}}],"collection":[{"href":"https:\/\/iedeltriunfoelcolegio.edu.co\/index.php\/wp-json\/wp\/v2\/pages"}],"about":[{"href":"https:\/\/iedeltriunfoelcolegio.edu.co\/index.php\/wp-json\/wp\/v2\/types\/page"}],"author":[{"embeddable":true,"href":"https:\/\/iedeltriunfoelcolegio.edu.co\/index.php\/wp-json\/wp\/v2\/users\/1"}],"replies":[{"embeddable":true,"href":"https:\/\/iedeltriunfoelcolegio.edu.co\/index.php\/wp-json\/wp\/v2\/comments?post=337"}],"version-history":[{"count":1,"href":"https:\/\/iedeltriunfoelcolegio.edu.co\/index.php\/wp-json\/wp\/v2\/pages\/337\/revisions"}],"predecessor-version":[{"id":339,"href":"https:\/\/iedeltriunfoelcolegio.edu.co\/index.php\/wp-json\/wp\/v2\/pages\/337\/revisions\/339"}],"wp:attachment":[{"href":"https:\/\/iedeltriunfoelcolegio.edu.co\/index.php\/wp-json\/wp\/v2\/media?parent=337"}],"curies":[{"name":"wp","href":"https:\/\/api.w.org\/{rel}","templated":true}]}}