{"id":298,"date":"2026-01-08T17:16:30","date_gmt":"2026-01-08T20:16:30","guid":{"rendered":"https:\/\/iedeltriunfoelcolegio.edu.co\/?page_id=298"},"modified":"2026-01-08T17:16:30","modified_gmt":"2026-01-08T20:16:30","slug":"mision-vision","status":"publish","type":"page","link":"https:\/\/iedeltriunfoelcolegio.edu.co\/index.php\/mision-vision\/","title":{"rendered":"Misi\u00f3n, Visi\u00f3n"},"content":{"rendered":"\n<p style=\"font-size:25px\"><em>Misi\u00f3n<\/em><\/p>\n\n\n\n<p style=\"font-size:20px\">Educar con calidad para la cultura, el conocimiento y el cuidado del medio ambiente a los ni\u00f1os, ni\u00f1as, adolescentes y adultos de la regi\u00f3n del Tequendama, formando ciudadanos \u00edntegros y competentes mediante procesos pedag\u00f3gicos, acad\u00e9micos y convivenciales id\u00f3neos en aras de construir una sociedad justa y equitativa.<\/p>\n\n\n\n<figure class=\"wp-block-image aligncenter size-full is-resized\"><img loading=\"lazy\" decoding=\"async\" width=\"620\" height=\"457\" src=\"https:\/\/iedeltriunfoelcolegio.edu.co\/wp-content\/uploads\/2026\/01\/image.png\" alt=\"\" class=\"wp-image-299\" style=\"width:409px;height:auto\" srcset=\"https:\/\/iedeltriunfoelcolegio.edu.co\/wp-content\/uploads\/2026\/01\/image.png 620w, https:\/\/iedeltriunfoelcolegio.edu.co\/wp-content\/uploads\/2026\/01\/image-300x221.png 300w\" sizes=\"(max-width: 620px) 100vw, 620px\" \/><\/figure>\n\n\n\n<p style=\"font-size:25px\"><em>Visi\u00f3n<\/em><\/p>\n\n\n\n<p style=\"font-size:20px\">La IED El Triunfo para el a\u00f1o 2026, ser\u00e1 reconocida como la mejor instituci\u00f3n educativa del municipio, para ello desarrollar\u00e1 procesos educativos de calidad fundamentados en el respeto, la responsabilidad, la honestidad y la solidaridad, formando sujetos l\u00edderes, cr\u00edticos, comprometidos con el cuidado del medio ambiente y la transformaci\u00f3n social de su comunidad.<\/p>\n\n\n\n<figure class=\"wp-block-image aligncenter size-large is-resized\"><img loading=\"lazy\" decoding=\"async\" width=\"1024\" height=\"708\" src=\"https:\/\/iedeltriunfoelcolegio.edu.co\/wp-content\/uploads\/2026\/01\/Imagen1-1024x708.png\" alt=\"\" class=\"wp-image-300\" style=\"aspect-ratio:1.4456198471558181;width:443px;height:auto\" srcset=\"https:\/\/iedeltriunfoelcolegio.edu.co\/wp-content\/uploads\/2026\/01\/Imagen1-1024x708.png 1024w, https:\/\/iedeltriunfoelcolegio.edu.co\/wp-content\/uploads\/2026\/01\/Imagen1-300x208.png 300w, https:\/\/iedeltriunfoelcolegio.edu.co\/wp-content\/uploads\/2026\/01\/Imagen1-768x531.png 768w, https:\/\/iedeltriunfoelcolegio.edu.co\/wp-content\/uploads\/2026\/01\/Imagen1-1536x1063.png 1536w, https:\/\/iedeltriunfoelcolegio.edu.co\/wp-content\/uploads\/2026\/01\/Imagen1-1561x1080.png 1561w, https:\/\/iedeltriunfoelcolegio.edu.co\/wp-content\/uploads\/2026\/01\/Imagen1.png 1820w\" sizes=\"(max-width: 1024px) 100vw, 1024px\" \/><\/figure>\n","protected":false},"excerpt":{"rendered":"<p>Misi\u00f3n Educar con calidad para la cultura, el conocimiento y el cuidado del medio ambiente a los ni\u00f1os, ni\u00f1as, adolescentes y adultos de la regi\u00f3n del Tequendama, formando ciudadanos \u00edntegros y competentes mediante procesos pedag\u00f3gicos, acad\u00e9micos y convivenciales id\u00f3neos en aras de construir una sociedad justa y equitativa. Visi\u00f3n La IED El Triunfo para el [&hellip;]<\/p>\n","protected":false},"author":1,"featured_media":0,"parent":0,"menu_order":0,"comment_status":"closed","ping_status":"closed","template":"","meta":{"saved_in_kubio":false,"footnotes":""},"class_list":["post-298","page","type-page","status-publish","hentry"],"kubio_ai_page_context":{"short_desc":"","purpose":"general"},"_links":{"self":[{"href":"https:\/\/iedeltriunfoelcolegio.edu.co\/index.php\/wp-json\/wp\/v2\/pages\/298","targetHints":{"allow":["GET"]}}],"collection":[{"href":"https:\/\/iedeltriunfoelcolegio.edu.co\/index.php\/wp-json\/wp\/v2\/pages"}],"about":[{"href":"https:\/\/iedeltriunfoelcolegio.edu.co\/index.php\/wp-json\/wp\/v2\/types\/page"}],"author":[{"embeddable":true,"href":"https:\/\/iedeltriunfoelcolegio.edu.co\/index.php\/wp-json\/wp\/v2\/users\/1"}],"replies":[{"embeddable":true,"href":"https:\/\/iedeltriunfoelcolegio.edu.co\/index.php\/wp-json\/wp\/v2\/comments?post=298"}],"version-history":[{"count":1,"href":"https:\/\/iedeltriunfoelcolegio.edu.co\/index.php\/wp-json\/wp\/v2\/pages\/298\/revisions"}],"predecessor-version":[{"id":301,"href":"https:\/\/iedeltriunfoelcolegio.edu.co\/index.php\/wp-json\/wp\/v2\/pages\/298\/revisions\/301"}],"wp:attachment":[{"href":"https:\/\/iedeltriunfoelcolegio.edu.co\/index.php\/wp-json\/wp\/v2\/media?parent=298"}],"curies":[{"name":"wp","href":"https:\/\/api.w.org\/{rel}","templated":true}]}}